+ 563*u + 939. What is t(-30)?
-651
Let k(j) = 45712*j + 137111. Give k(-3).
-25
Let f(a) = -21*a**2 - 36*a - 3. What is f(9)?
-2028
Let f(k) = 10*k**3 + 3705*k**2 - 1860*k - 1992. Give f(-371).
-137
Let d(f) = 4*f**2 + 444*f - 363. Give d(-112).
85
Let i(c) = -c**3 - 42*c**2 + 2598*c + 841. Calculate i(-76).
-223
Let w(n) = -7*n**2 - 42*n + 82. Calculate w(-15).
-863
Let q(o) = 743*o - 144136. Determine q(194).
6
Let o(y) = -y**3 - 8*y**2 + 179*y + 27. What is o(11)?
-303
Let k(q) = -514*q**2 + 22614*q + 95. Calculate k(44).
7
Let v(g) = -1114*g**2 - 28965*g - 81. Calculate v(-26).
-55
Let y(j) = -9*j**2 + 938*j - 12695. Determine y(16).
9
Let c(u) = -u**3 + 13*u**2 - 1847*u + 10830. Calculate c(6).
0
Let j(o) = 25*o**2 - 182*o - 899. Give j(0).
-899
Let q(u) = -217206*u - 651696. Give q(-3).
-78
Let c(i) = 1887*i - 360400. Calculate c(191).
17
Let c(s) = 122*s**3 - 244*s**2 - 871*s + 1742. Calculate c(2).
0
Let t(x) = -5963*x - 155054. Give t(-26).
-16
Let n(m) = m**2 + 191*m - 108884. What is n(248)?
-12
Let d(i) = -5562*i + 155937. Calculate d(28).
201
Let g(m) = 253714*m + 1776007. What is g(-7)?
9
Let w(k) = -12*k**2 + 569*k + 1167. Give w(-2).
-19
Let p(s) = 5*s**2 - 58*s - 115. What is p(12)?
-91
Let k(p) = 165*p**3 - 9*p**2 - 8*p + 2. Determine k(-1).
-164
Let f(a) = a**2 + 137*a + 4955. Give f(-76).
319
Let y(z) = 7*z**3 - 59*z**2 - 342*z + 1870. Calculate y(4).
6
Let u(s) = 37*s**3 + 46*s**2 - 546*s + 501. Give u(1).
38
Let k(x) = 3*x**2 + 106*x - 454. Give k(4).
18
Let l(a) = -16526*a - 148794. What is l(-9)?
-60
Let m(c) = 420018*c - 1260059. Calculate m(3).
-5
Let f(i) = i**3 + 51*i**2 - 201*i + 475. Give f(-55).
-570
Let h(n) = -616*n**2 - 8024*n - 167. Give h(-13).
41
Let d(x) = 9*x**3 + 65*x**2 - 649*x + 343. Determine d(-13).
-8
Let k(v) = 6*v**3 - 396*v**2 + 374*v + 1228. Give k(65).
188
Let w(n) = 40*n**2 - 1110*n - 11392. Give w(-10).
3708
Let f(b) = 2*b**2 - 4490*b - 81419. What is f(-18)?
49
Let u(o) = o**3 + 505*o**2 - 3084*o - 9246. What is u(-511)?
-48
Let l(g) = 6*g**2 + 72*g - 1828. Calculate l(28).
4892
Let m(z) = z**3 + 637*z**2 + 41628*z - 19073. Calculate m(-563).
69
Let x(s) = 14*s**2 - 21560*s + 21562. What is x(1)?
16
Let f(x) = -11652*x + 198051. Calculate f(17).
-33
Let h(r) = 33*r**2 + 2236*r + 3837. Give h(-66).
9
Let g(j) = -12489*j - 62441. Determine g(-5).
4
Let r(i) = 795*i + 28551. Determine r(-37).
-864
Let t(o) = -574*o - 30178. Calculate t(-53).
244
Let b(j) = 382*j + 16425. Calculate b(-49).
-2293
Let j(s) = 862*s + 4733. What is j(-4)?
1285
Let k(m) = m**3 + 36*m**2 + 5*m - 852. Determine k(-35).
198
Let q(x) = 4310*x - 1025766. Calculate q(238).
14
Let a(n) = 1201*n + 16146. Give a(-13).
533
Let y(c) = -42*c**2 + 3529*c - 40. What is y(84)?
44
Let j(c) = -3*c**2 + 272*c + 12311. Determine j(124).
-89
Let n(v) = -14*v**3 + 549*v**2 - 1546*v + 1. Determine n(3).
-74
Let o(m) = 5*m**2 + 3340*m + 67957. Calculate o(-21).
22
Let f(j) = -184*j**3 - 184368*j**2 - 40*j - 40080. Calculate f(-1002).
0
Let c(l) = 120*l - 1863. Give c(22).
777
Let p(u) = 733*u + 75516. What is p(-102)?
750
Let b(m) = m**3 + 505*m**2 + 32266*m + 6875. Determine b(-430).
-5
Let q(w) = -w**2 - 31*w + 54545. Give q(-250).
-205
Let n(i) = -41*i**3 - 9*i**2 - 312*i - 586. Give n(-2).
330
Let m(g) = -63*g**3 + 2*g**2 + 10232*g - 10233. Calculate m(1).
-62
Let n(f) = -f**3 - 104*f**2 + 1518*f - 297. Give n(-117).
54
Let l(b) = -152*b**3 + 8119*b**2 - 8109*b - 9. Give l(1).
-151
Let n(y) = -11*y**3 - 812*y**2 + 149*y + 79. Determine n(-74).
5
Let c(x) = -6*x**2 - 973*x + 10339. Calculate c(10).
9
Let h(g) = 17*g**2 + 12204*g + 24413. Give h(-2).
73
Let l(z) = -20*z**2 + 375*z - 1653. Determine l(7).
-8
Let w(z) = -22*z**3 + 5*z**2 + 20*z - 40. What is w(2)?
-156
Let v(x) = -x**3 - 149*x**2 + 685*x + 36974. Give v(-152).
2166
Let w(t) = t**3 + 171*t**2 - 706*t - 231. What is w(-175)?
819
Let p(u) = -4*u**3 + 2*u**2 + 172*u - 1157. Calculate p(12).
-5717
Let f(w) = -7*w**2 - 2859*w - 14194. What is f(-5)?
-74
Let k(q) = 6*q**2 - 1189*q + 31900. Give k(32).
-4
Let a(y) = 3148*y - 192051. Calculate a(61).
-23
Let v(j) = 2*j**3 - 3*j**2 - 5778*j + 91. Calculate v(-53).
144
Let k(y) = 4074*y + 631471. Give k(-155).
1
Let p(v) = -2*v**3 + 1037*v**2 + 3923*v - 140413. Determine p(522).
5
Let w(x) = -895*x**2 - 2842*x - 4. What is w(-3)?
467
Let j(f) = -f**2 + 17*f - 605. Calculate j(35).
-1235
Let r(i) = 145*i**2 + 5999*i - 36027. What is r(6)?
5187
Let d(l) = -63*l**2 - 761*l + 3811. What is d(5)?
-1569
Let h(r) = 4*r**2 + 629*r + 20223. Determine h(-45).
18
Let o(r) = -7*r**2 + 138*r - 232. What is o(17)?
91
Let g(w) = 2*w**2 - 3153*w - 38156. Determine g(-12).
-32
Let x(t) = -t**2 - 299*t - 14575. Calculate x(-62).
119
Let v(h) = 42645*h - 213210. What is v(5)?
15
Let k(z) = -17124*z - 17914. Determine k(-1).
-790
Let l(t) = -2*t**3 + 57*t**2 - 161*t + 2149. Determine l(27).
-11
Let g(o) = 17*o**2 - 758*o + 3373. What is g(5)?
8
Let u(s) = -s**2 + 1001*s - 249319. Give u(535).
-9
Let i(c) = c**3 - 57*c**2 + 108*c + 111. Determine i(55).
1
Let y(j) = -2*j**3 + 29*j**2 + 287*j - 2196. Determine y(19).
8
Let n(s) = 547*s**2 - 1681*s + 127. What is n(3)?
7
Let b(h) = -148*h + 19827. Determine b(134).
-5
Let l(o) = o**3 - 33*o**2 + 143*o - 312. Determine l(28).
-228
Let s(t) = -168568*t - 1854264. What is s(-11)?
-16
Let h(p) = p**3 - 203*p**2 - 2065*p + 495917. What is h(201)?
50
Let p(a) = 1432*a - 63133. Give p(44).
-125
Let v(u) = 196*u**2 + 1145*u - 48. Calculate v(-6).
138
Let i(u) = 44*u**2 - 364*u + 51. Calculate i(7).
-341
Let i(b) = b**3 + 6*b**2 + 51*b + 974. What is i(-13)?
-872
Let l(p) = -100279*p + 701861. Give l(7).
-92
Let h(y) = -41240*y - 49776670. What is h(-1207)?
10
Let p(g) = -85*g**2 + 1206*g + 1117. Calculate p(15).
82
Let s(q) = q**3 + 76*q**2 + 241*q - 8087. Determine s(-71).
7
Let o(h) = -334*h**3 - 7683*h**2 - 20*h + 77. Determine o(-23).
8
Let p(o) = 23*o**2 + 153*o - 703. Determine p(3).
-37
Let s(t) = 2*t**3 + 5*t**2 + 37*t + 111. Give s(-4).
-85
Let c(y) = -y**3 + 31*y**2 + 811*y - 43. Calculate c(-17).
42
Let j(s) = s**3 - 68*s**2 + 998*s - 21148. Determine j(57).
-1
Let v(q) = -q**3 + 184*q**2 - 3975*q + 13. Give v(159).
13
Let n(t) = 46*t**3 + 872*t**2 + 1013*t + 142. Calculate n(-1).
-45
Let h(b) = 493*b**3 - 255*b**2 - 242*b + 13. Calculate h(-1).
-493
Let f(m) = 2*m**3 + 411*m**2 - 1938*m - 9915. What is f(-210)?
165
Let o(i) = -6847*i - 34238. Give o(-5).
-3
Let x(c) = c**3 + 9*c**2 + 337*c + 2659. Calculate x(-8).
27
Let u(c) = 50*c**2 - 1766*c + 9898. Determine u(7).
-14
Let j(h) = 5*h**2 + 2255*h - 57003. Give j(24).
-3
Let c(f) = -1329*f + 81094. Give c(61).
25
Let f(n) = -289*n + 43701. Calculate f(151).
62
Let t(u) = -1172*u - 262585. What is t(-224)?
-57
Let t(h) = -54*h - 5076. Give t(-159).
3510
Let k(s) = s**3 - 56*s**2 + 2*s + 4801. Give k(53).
-3520
Let j(r) = 5141*r - 1095058. Give j(213).
-25
Let r(m) = 14*m**2 - 2117*m + 2714. What is r(150)?
164
Let d(p) = -5*p**3 - 32*p**2 - 26*p - 108. Determine d(-6).
-24
Let s(t) = 4496*t**2 + 13467*t + 9. Determine s(-3).
72
Let i(h) = -60*h**2 + 424*h - 1274. Calculate i(3).
-542
Let q(x) = 22*x - 4083. Determine q(154).
-695
Let h(d) = 2*d**2 - 85*d + 201. Determine h(2).
39
Let r(t) = 8*t**2 - 2930*t + 14467. Give r(5).
17
Let y(p) = -p**3 + 31*p**2 + 45*p - 343. What is y(31)?
1052
Let h(j) = 5*j**2 + 237*j - 225. What is h(-48)?
-81
Let f(t) = -2*t**2 + 10147*t - 20305. Determine f(2).
-19
Let o(u) = -13*u**3 + 181*u**2 + 1143*u + 31. Calculate o(-6).
2497
Let y(r) = -61*r**3 - 6*r**2 + 138*r + 145. Calculate y(-1).
62
Let v(a) = -23*a**3 + 6991*a**2 + 307*a - 906. Determine v(304).
6
Let s(x) = 2*x**2 + 361*x - 10693. Give s(26).
45
Let q(s) = 6336*s + 76026. Determine q(-12).
-6
Let p(l) = -190*l**2 + 1310*l + 3641. What is p(9)?
41
Let d(r) = -1133467*r - 13601613. What is d(-12)?
-9
Let r(b) = 3*b**3 - 32*b**2 - 512*b + 5236. Determine r(14).
28
Let l(a) = a**3 - 64*a**2 - 1395*a + 59245. Calculate l(25).
-5
Let d(h) = -23112*h - 43219436. Calculate d(-1870).
4
Let w(y) = -10128*y - 2238305. Calculate w(-221).
-17
Let z(k) = -k**3 - 21*k**2 + 42*k - 300. What is z(-24)?
420
Let s(t) = -1349*t - 6181. Calculate s(-5).
564
Let o(l) = -l